{"id":11,"date":"2018-11-06T03:52:23","date_gmt":"2018-11-06T03:52:23","guid":{"rendered":"http:\/\/laranathalieaugust.de\/?page_id=11"},"modified":"2024-08-29T14:24:28","modified_gmt":"2024-08-29T14:24:28","slug":"reitstunden","status":"publish","type":"page","link":"https:\/\/laranathalieaugust.de\/?page_id=11","title":{"rendered":"Reitunterricht"},"content":{"rendered":"\n<figure class=\"wp-block-image size-large is-style-default\"><img loading=\"lazy\" decoding=\"async\" width=\"1024\" height=\"683\" src=\"https:\/\/laranathalieaugust.de\/wp-content\/uploads\/2018\/12\/luna3-1024x683.jpg\" alt=\"\" class=\"wp-image-386\" srcset=\"https:\/\/laranathalieaugust.de\/wp-content\/uploads\/2018\/12\/luna3-1024x683.jpg 1024w, https:\/\/laranathalieaugust.de\/wp-content\/uploads\/2018\/12\/luna3-300x200.jpg 300w, https:\/\/laranathalieaugust.de\/wp-content\/uploads\/2018\/12\/luna3-768x512.jpg 768w, https:\/\/laranathalieaugust.de\/wp-content\/uploads\/2018\/12\/luna3-1x1.jpg 1w, https:\/\/laranathalieaugust.de\/wp-content\/uploads\/2018\/12\/luna3.jpg 2048w\" sizes=\"(max-width: 1024px) 100vw, 1024px\" \/><\/figure>\n\n\n<blockquote>\n<h1><span style=\"color: #d6d022;\">\u201eStimme dein Pferd fein wie eine Geige, dann wird deine Reitkunst zu stummer Musik.\u201c (Gottlieb Polak)<\/span><\/h1>\n<\/blockquote>\n<blockquote>\n<h1><span style=\"color: #d6d022;\">&#8222;Wer ein Pferd reitet, leiht sich ein St\u00fcck Freiheit!&#8220;<\/span><\/h1>\n<h1><span style=\"color: #d6d022;\">(frei \u00fcbersetzt nach George Santayana)<\/span><\/h1>\n<\/blockquote>\n<p>Seit ich denken kann lebe und arbeite ich mit Pferden zusammen und habe am 16.6.2016 endlich meinen Trainer C Breitensport in der Landesreitschule Hoya absolviert!<\/p>\n<p>Seither habe ich eine international g\u00fcltige Trainer C Lizenz \u00fcber den deutschen olympischen Sportbund und die Deutsche Reiterliche Vereinigung und bilde mich regelm\u00e4\u00dfig fort.<\/p>\n<p>Der Fokus meiner Arbeit mit Kindern, Erwachsenen und Pferden liegt im harmonischen Zusammenspiel zwischen Reiter und Pferd und der Freude am wundervollen Reitsport. Egal, ob etwas ambitionierter oder lieber im Freizeitbereich unterwegs &#8211; mir ist wichtig, jeden Sch\u00fcler und sein Pferd dort abzuholen, wo sie stehen und das Training ganz individuell anzupassen.<\/p>\n<p>Ziel ist die gr\u00f6\u00dftm\u00f6gliche Harmonie zwischen Reiter und Pferd. Ich lege Wert darauf, dass mein Unterricht die Gesunderhaltung von Pferd und Reiter ber\u00fccksichtigt, im besten Fall beide voran bringt.<\/p>\n<p><span style=\"color: #000000;\"><strong>Der Reiter formt sein Pferd<\/strong><\/span> \u2013 bei mir wird korrektes Reiten gelehrt, das pferdeschonend ist und den Partner Pferd lange gesund und motiviert erh\u00e4lt.<\/p>\n<p>Der Unterricht sollte f\u00fcr Reitsch\u00fcler und Pferd interessant und abwechslungsreich sein!<\/p>\n<h4><strong>Ich lege Wert auf eine vielseitige Grundausbildung in den Bereichen:<\/strong><\/h4>\n<ul>\n<li>Sitzschule an der Longe<\/li>\n<li>Dressurreiten<\/li>\n<li>Stangenarbeit, sp\u00e4ter Springreiten<\/li>\n<li>Ausreiten<\/li>\n<li>Handarbeit<\/li>\n<li>Longieren<\/li>\n<li>Bodenarbeit\/Horsemanship<\/li>\n<li>Arbeit am Langz\u00fcgel<\/li>\n<li>Theoretischen Unterricht<\/li>\n<\/ul>\n<p><strong>Ich biete an:<\/strong><\/p>\n<p><strong><span style=\"color: #000000;\">Einzelunterricht<\/span><\/strong> f\u00fcr Kinder und Erwachsene in allen oben genannten Bereichen. Aktuell gibt es keine Schulpferde. <\/p>\n<p><strong>Urlaubsvertretung und Beritt:<\/strong> Ich longiere oder bereite Ihr Pferd und bin telefonisch im Notfall erreichbar, w\u00e4hrend Sie nicht da sind. Ich habe ebenso langj\u00e4hrige Erfahrungen im Umgang mit Hengsten und Jungpferden.<\/p>\n<h4>Kundenstimmen:<\/h4>\n<h4>&#8222;Lara ist eine motivierende Beraterin und Reitlehrerin &#8211; obwohl ich noch nie auf einem Pferd gesessen habe, hat sie es durch \u00a0klare Art geschafft, mich zu motivieren und mich zu ermutigen. Ich kann die Arbeit mit Lara und ihrem Pferd Luna nur empfehlen.&#8220;\u00a0 Stefan Brandt, Diplom-Psychologe<\/h4>\n<h4>\u00a0<\/h4>\n\n\n<figure class=\"wp-block-image size-large is-style-default\"><img loading=\"lazy\" decoding=\"async\" width=\"1024\" height=\"683\" src=\"https:\/\/laranathalieaugust.de\/wp-content\/uploads\/2018\/12\/luna1-1024x683.jpg\" alt=\"\" class=\"wp-image-384\" srcset=\"https:\/\/laranathalieaugust.de\/wp-content\/uploads\/2018\/12\/luna1-1024x683.jpg 1024w, https:\/\/laranathalieaugust.de\/wp-content\/uploads\/2018\/12\/luna1-300x200.jpg 300w, https:\/\/laranathalieaugust.de\/wp-content\/uploads\/2018\/12\/luna1-768x512.jpg 768w, https:\/\/laranathalieaugust.de\/wp-content\/uploads\/2018\/12\/luna1-1x1.jpg 1w, https:\/\/laranathalieaugust.de\/wp-content\/uploads\/2018\/12\/luna1.jpg 2048w\" sizes=\"(max-width: 1024px) 100vw, 1024px\" \/><\/figure>\n\n\n\n<figure class=\"wp-block-image size-large is-style-default\"><img loading=\"lazy\" decoding=\"async\" width=\"1024\" height=\"688\" src=\"https:\/\/laranathalieaugust.de\/wp-content\/uploads\/2018\/11\/1-1024x688.jpg\" alt=\"\" class=\"wp-image-94\" srcset=\"https:\/\/laranathalieaugust.de\/wp-content\/uploads\/2018\/11\/1-1024x688.jpg 1024w, https:\/\/laranathalieaugust.de\/wp-content\/uploads\/2018\/11\/1-300x201.jpg 300w, https:\/\/laranathalieaugust.de\/wp-content\/uploads\/2018\/11\/1-768x516.jpg 768w, https:\/\/laranathalieaugust.de\/wp-content\/uploads\/2018\/11\/1-1x1.jpg 1w, https:\/\/laranathalieaugust.de\/wp-content\/uploads\/2018\/11\/1.jpg 1400w\" sizes=\"(max-width: 1024px) 100vw, 1024px\" \/><\/figure>\n","protected":false},"excerpt":{"rendered":"<p>\u201eStimme dein Pferd fein wie eine Geige, dann wird deine Reitkunst zu stummer Musik.\u201c (Gottlieb Polak) &#8222;Wer ein Pferd reitet, leiht sich ein St\u00fcck Freiheit!&#8220; (frei \u00fcbersetzt nach George Santayana) Seit ich denken kann lebe und arbeite ich mit Pferden zusammen und habe am 16.6.2016 endlich meinen Trainer C Breitensport in der Landesreitschule Hoya absolviert! [&hellip;]<\/p>\n","protected":false},"author":2,"featured_media":95,"parent":0,"menu_order":0,"comment_status":"closed","ping_status":"closed","template":"full-width.php","meta":{"footnotes":""},"class_list":["post-11","page","type-page","status-publish","has-post-thumbnail","hentry"],"_links":{"self":[{"href":"https:\/\/laranathalieaugust.de\/index.php?rest_route=\/wp\/v2\/pages\/11"}],"collection":[{"href":"https:\/\/laranathalieaugust.de\/index.php?rest_route=\/wp\/v2\/pages"}],"about":[{"href":"https:\/\/laranathalieaugust.de\/index.php?rest_route=\/wp\/v2\/types\/page"}],"author":[{"embeddable":true,"href":"https:\/\/laranathalieaugust.de\/index.php?rest_route=\/wp\/v2\/users\/2"}],"replies":[{"embeddable":true,"href":"https:\/\/laranathalieaugust.de\/index.php?rest_route=%2Fwp%2Fv2%2Fcomments&post=11"}],"version-history":[{"count":24,"href":"https:\/\/laranathalieaugust.de\/index.php?rest_route=\/wp\/v2\/pages\/11\/revisions"}],"predecessor-version":[{"id":587,"href":"https:\/\/laranathalieaugust.de\/index.php?rest_route=\/wp\/v2\/pages\/11\/revisions\/587"}],"wp:featuredmedia":[{"embeddable":true,"href":"https:\/\/laranathalieaugust.de\/index.php?rest_route=\/wp\/v2\/media\/95"}],"wp:attachment":[{"href":"https:\/\/laranathalieaugust.de\/index.php?rest_route=%2Fwp%2Fv2%2Fmedia&parent=11"}],"curies":[{"name":"wp","href":"https:\/\/api.w.org\/{rel}","templated":true}]}}