{"id":64,"date":"2018-11-11T07:09:37","date_gmt":"2018-11-11T07:09:37","guid":{"rendered":"http:\/\/laranathalieaugust.de\/?page_id=64"},"modified":"2021-05-31T15:14:44","modified_gmt":"2021-05-31T15:14:44","slug":"vortraege","status":"publish","type":"page","link":"https:\/\/laranathalieaugust.de\/?page_id=64","title":{"rendered":"Seminare"},"content":{"rendered":"<blockquote>\n<h1><span style=\"color: #d6d022;\">\u201eMan kann nicht zur\u00fcck gehen und den Anfang ver\u00e4ndern, aber man kann dort beginnen wo man steht und seine eigene Zukunft gestalten.\u201c (nach C.S. Lewis)<\/span><\/h1>\n<\/blockquote>\n<h3 style=\"text-align: left;\"><em><strong>Pers\u00f6nliche Ressourcen st\u00e4rken<\/strong><\/em><\/h3>\n<p style=\"text-align: left;\">In diesem Seminar gehen Sie auf ihre ganz pers\u00f6nliche Entdeckungsreise. Aus Ihrer Biografie arbeiten Sie Ihre eigenen F\u00e4higkeiten und St\u00e4rken heraus. Sie entwickeln neue Ziele und werden gut ger\u00fcstet um kraftvoll und selbstbewusst Ihre Zukunft gestalten zu k\u00f6nnen.<\/p>\n<p style=\"text-align: left;\">Sie arbeiten alleine und zu zweit und tauschen sich in der Gruppe aus, wenn Sie das m\u00f6chten.<br \/>\nGerne k\u00f6nnen Sie sich auch mit Ihrem Partner oder einem guten Freund anmelden, um zusammen zu arbeiten.<\/p>\n<h3><em><strong>Pers\u00f6nliche Ressourcen st\u00e4rken<\/strong><\/em> f\u00fcr Kinder &#8211;<br \/>\nboys und girls power workshop<\/h3>\n<p>Self-Empowerment f\u00fcr M\u00e4dchen und Jungen an Schulen und in Kitas. Angelehnt an die Ressourcen- und Biografiearbeit mit Erwachsenen, habe ich ein Konzept f\u00fcr Kinder entwickelt. Gerade Kinder, die best\u00e4ndig in starken Entwicklungs- und Ver\u00e4nderungsprozessen stehen, sind f\u00fcr diese Arbeit sehr offen, flexibel und schnell zu begeistern.<br \/>\nDie Arbeit mit Kindern wirkt sich oft nicht nur positiv auf die einzelnen Kinder, sondern auch auf den Klassenverband oder das Gef\u00fcge der jeweiligen sozialen Gruppe aus.<\/p>\n<p>Hier werden Empathie geschult, eigene St\u00e4rken entdeckt, Zukunftspl\u00e4ne geschmiedet und besondere Erlebnisse in Gruppen kreiert.<\/p>\n<p>&#8222;Einzeln und in der Gruppe geht ihr auf eure ganz eigene Entdeckungsreise durch euer bisheriges Leben. Ihr sucht und findet eure besonderen F\u00e4higkeiten und St\u00e4rken und nehmt sie im Gep\u00e4ck mit in eure Zukunft, um auch herausfordende Situationen gut meistern zu k\u00f6nnen. Ein bunter Nachmittag mit spannenden \u00dcbungen und Methoden erwartet euch.&#8220;<\/p>\n<h3 style=\"text-align: left;\"><em><strong>Paarseminar<\/strong><\/em><\/h3>\n<p>Sie wollen sich als Paar mal wieder ganz bewusst Zeit f\u00fcreinander und f\u00fcr Ihre Beziehung nehmen?<br \/>\nAn diesen zwei Abenden haben Sie mit mir zusammen die Gelegenheit dazu.<\/p>\n<p>Sie werden miteinander verschiedene Themen besprechen und Aufgaben bearbeiten, sich mit der Gesamtgruppe und mir austauschen, wenn Sie das m\u00f6chten und sich so noch besser kennen und verstehen lernen.<\/p>\n<p>Zusammen beleuchten Sie Ihre Beziehung nochmal von Beginn an bis heute und werfen auch schon mal einen Blick in ihre gemeinsame Zukunft.Dieses Seminar richtet sich nicht an Paare, die sich in einer akuten Beziehungskrise befinden.<\/p>\n<h3 style=\"text-align: left;\"><em><strong>Wutseminar <\/strong><\/em><\/h3>\n<p style=\"text-align: left;\">Wir stellen uns in der Gruppe unserer Wut, bearbeiten dahinter versteckte Themen und nutzen sie f\u00fcr positive Ver\u00e4nderungen!<\/p>\n<h3 style=\"text-align: left;\"><strong><em>Paarseminar f\u00fcr Singles<\/em><br \/>\n<\/strong><\/h3>\n<p>Die Teilnehmer betrachten und analysieren zusammen ihre Muster in Kennlernphase und Beziehung, erarbeiten gemeinsam, welcher Partner gut zu Ihnen passen k\u00f6nnte und lernen, sich emotional klarer auszudr\u00fccken.<\/p>\n<p>Jeder schaut f\u00fcr sich, welche Themen ihn aktuell besch\u00e4ftigen und seine Energie eventuell weg von einer neuen Beziehung lenken und was er dagegen tun kann.<\/p>\n<h3><span style=\"color: #000000;\"><em><strong>Gespr\u00e4chsf\u00fchrung im beruflichen Kontext<\/strong><\/em><\/span><\/h3>\n<p>Sie wollen Ihre Mitarbeiter in der Kita oder einer anderen sozialen Institution mit viel Kundenkontakt in zielf\u00fchrender, sensibler und konstruktiver Gespr\u00e4chsf\u00fchrung schulen, sie auf m\u00f6gliche Probleme in schwierigen Gespr\u00e4chen vorbereiten oder Hemmungen abbauen schwierige Themen anzusprechen?<\/p>\n<p>Meine langj\u00e4hrige Erfahrung im Bereich der Elternberatung sowie meine systemische Fortbildung und Inhalte aus der Fortbildung &#8222;Gespr\u00e4chsf\u00fchrung nach Rogers&#8220; werden hier sinnvoll verkn\u00fcpft und ich stelle Ihnen ein ma\u00dfgeschneidertes Angebot passend zu Ihrer Einrichtung und Ihrem Arbeitsumfeld zusammen.<\/p>\n<h3><strong>Gespr\u00e4che empathisch und l\u00f6sungsorientiert f\u00fchren<\/strong><\/h3>\n<div>Angelehnt an die klientenzentrierte Gespr\u00e4chsf\u00fchrung nach Carl Rogers<\/p>\n<p><span class=\"ILfuVd NA6bn\"><span class=\"hgKElc\">&#8222;Der Mensch tr\u00e4gt alles zu seiner Weiterentwicklung Notwendige in sich und ist so am besten in der Lage, seine pers\u00f6nliche Situation zu analysieren und L\u00f6sungen f\u00fcr seine Probleme zu erarbeiten.&#8220; (C.Rogers)<\/span><\/span><\/div>\n<div><\/div>\n<div><span class=\"ILfuVd NA6bn\"><span class=\"hgKElc\">Sie lernen, egal ob im beruflichen oder privaten Kontext, auf eine ganz neue Art zuzuh\u00f6ren und durch kleine Impulse ihrem Gegen\u00fcber das Gef\u00fchl zu geben, wirklich verstanden und gesehen zu werden.<br \/>\nSo entwickeln Gespr\u00e4che jeglicher Art eine neue Tiefe. Sie und ihr Gespr\u00e4chspartner werden zufrieden und mit mehr Verst\u00e4ndnis f\u00fcreinander aus dem Gespr\u00e4ch gehen und es einfacher haben L\u00f6sungen f\u00fcr Probleme oder Konflikte zu finden.<\/p>\n<p>Sie werden vorrangig in Kleingruppen miteinander \u00fcben.<\/span><\/span><\/div>\n<h3><em>Teambuilding<\/em><\/h3>\n<p>F\u00fcr Unternehmen, insbesondere Kitas, biete ich Teambuildingseminare an. Die Themen und Inhalte sprechen wir vorher miteinander ab.<br \/>\nZum Beispiel:<\/p>\n<p>&#8211; Kommunikation im Team<br \/>\n&#8211; Verbesserung der Kommunikation<br \/>\n&#8211; Verbesserung der Arbeitsleistung im Team<br \/>\n&#8211; Wie arbeiten wir als Team effizienter?<br \/>\n&#8211; Verbesserung der Zufriedenheit im Team<br \/>\n&#8211; Feedbackkultur<br \/>\n&#8211; Ordnung und Struktur im Arbeitsalltag optimieren<br \/>\n&#8211; Zufriedenheit im Team<br \/>\n&#8211; Konfliktmanagement<\/p>\n","protected":false},"excerpt":{"rendered":"<p>\u201eMan kann nicht zur\u00fcck gehen und den Anfang ver\u00e4ndern, aber man kann dort beginnen wo man steht und seine eigene Zukunft gestalten.\u201c (nach C.S. Lewis) Pers\u00f6nliche Ressourcen st\u00e4rken In diesem Seminar gehen Sie auf ihre ganz pers\u00f6nliche Entdeckungsreise. Aus Ihrer Biografie arbeiten Sie Ihre eigenen F\u00e4higkeiten und St\u00e4rken heraus. Sie entwickeln neue Ziele und werden [&hellip;]<\/p>\n","protected":false},"author":2,"featured_media":0,"parent":0,"menu_order":0,"comment_status":"closed","ping_status":"closed","template":"full-width.php","meta":{"footnotes":""},"class_list":["post-64","page","type-page","status-publish","hentry"],"_links":{"self":[{"href":"https:\/\/laranathalieaugust.de\/index.php?rest_route=\/wp\/v2\/pages\/64"}],"collection":[{"href":"https:\/\/laranathalieaugust.de\/index.php?rest_route=\/wp\/v2\/pages"}],"about":[{"href":"https:\/\/laranathalieaugust.de\/index.php?rest_route=\/wp\/v2\/types\/page"}],"author":[{"embeddable":true,"href":"https:\/\/laranathalieaugust.de\/index.php?rest_route=\/wp\/v2\/users\/2"}],"replies":[{"embeddable":true,"href":"https:\/\/laranathalieaugust.de\/index.php?rest_route=%2Fwp%2Fv2%2Fcomments&post=64"}],"version-history":[{"count":19,"href":"https:\/\/laranathalieaugust.de\/index.php?rest_route=\/wp\/v2\/pages\/64\/revisions"}],"predecessor-version":[{"id":564,"href":"https:\/\/laranathalieaugust.de\/index.php?rest_route=\/wp\/v2\/pages\/64\/revisions\/564"}],"wp:attachment":[{"href":"https:\/\/laranathalieaugust.de\/index.php?rest_route=%2Fwp%2Fv2%2Fmedia&parent=64"}],"curies":[{"name":"wp","href":"https:\/\/api.w.org\/{rel}","templated":true}]}}